t the prime factors of 467219797.
11, 659, 64453
What are the prime factors of 1398053047?
1398053047
List the prime factors of 526704663.
3, 31, 5663491
What are the prime factors of 1065249195?
3, 5, 71016613
What are the prime factors of 304296304?
2, 13, 29, 61, 827
List the prime factors of 102976549.
13, 7921273
What are the prime factors of 7092070171?
23, 308350877
What are the prime factors of 114467798?
2, 57233899
List the prime factors of 103151314.
2, 7, 7367951
What are the prime factors of 2843866394?
2, 5939, 239423
What are the prime factors of 1953391529?
59, 97, 341323
List the prime factors of 22515807.
3, 1831, 4099
What are the prime factors of 395801558?
2, 197900779
What are the prime factors of 135006906?
2, 3, 22501151
List the prime factors of 191274407.
191274407
What are the prime factors of 72777949?
47, 1033, 1499
List the prime factors of 105702160.
2, 5, 83, 15919
What are the prime factors of 1283565616?
2, 80222851
What are the prime factors of 2444446758?
2, 3, 13, 2410697
List the prime factors of 28714411.
11, 17, 43, 3571
What are the prime factors of 524228505?
3, 5, 29, 1205123
List the prime factors of 2457283377.
3, 17, 821, 58687
List the prime factors of 158965481.
89, 1786129
List the prime factors of 16857097.
16857097
What are the prime factors of 2638038589?
31, 53, 743, 2161
What are the prime factors of 880199180?
2, 5, 7, 6287137
List the prime factors of 51212386.
2, 977, 26209
What are the prime factors of 5954238848?
2, 17, 19, 79, 1823
List the prime factors of 627214673.
6163, 101771
List the prime factors of 9016314653.
15919, 566387
List the prime factors of 496871568.
2, 3, 59, 233, 251
List the prime factors of 724303349.
7, 11, 1343791
What are the prime factors of 705648812?
2, 11, 16037473
What are the prime factors of 54099907?
97, 557731
List the prime factors of 416609827.
19, 139, 157747
What are the prime factors of 193327772?
2, 11, 4393813
What are the prime factors of 6018280550?
2, 5, 120365611
List the prime factors of 7677181434.
2, 3, 13, 31, 3175013
List the prime factors of 41910196.
2, 37, 199, 1423
What are the prime factors of 185217215?
5, 37043443
List the prime factors of 413523349.
919, 449971
List the prime factors of 212330520.
2, 3, 5, 589807
What are the prime factors of 202230537?
3, 6329, 10651
What are the prime factors of 2638728729?
3, 7, 13, 17, 189523
What are the prime factors of 497839803?
3, 165946601
What are the prime factors of 159433830?
2, 3, 5, 41, 43207
What are the prime factors of 50053671?
3, 5561519
List the prime factors of 410554224.
2, 3, 950357
List the prime factors of 59826394.
2, 47, 109, 5839
What are the prime factors of 47477889?
3, 17, 310313
List the prime factors of 450424550.
2, 5, 89, 127, 797
List the prime factors of 110718061.
110718061
What are the prime factors of 1420429933?
13, 7823, 13967
List the prime factors of 371402832.
2, 3, 421, 18379
List the prime factors of 7703858365.
5, 7, 1367, 161017
What are the prime factors of 6762007774?
2, 19, 23, 1423, 5437
List the prime factors of 7372949771.
11, 7549, 88789
List the prime factors of 1136794960.
2, 5, 7, 2029991
What are the prime factors of 5849290433?
7, 835612919
What are the prime factors of 350241776?
2, 21890111
What are the prime factors of 29957485?
5, 17, 352441
What are the prime factors of 377252439?
3, 41, 197, 15569
List the prime factors of 68141453.
61, 1117073
What are the prime factors of 1684074467?
23, 41, 1785869
What are the prime factors of 9418586?
2, 4709293
What are the prime factors of 15820041?
3, 5273347
List the prime factors of 5772151809.
3, 641350201
List the prime factors of 120499605.
3, 5, 2677769
What are the prime factors of 194705368?
2, 11, 13, 170197
List the prime factors of 1134090962.
2, 19, 503, 59333
List the prime factors of 11621307.
3, 3873769
List the prime factors of 321112257.
3, 157, 439, 1553
What are the prime factors of 42764844?
2, 3, 379, 9403
What are the prime factors of 42791365?
5, 8558273
List the prime factors of 1242308203.
1242308203
What are the prime factors of 820442449?
12659, 64811
What are the prime factors of 79684031?
7, 43, 264731
List the prime factors of 6870056262.
2, 3, 1145009377
List the prime factors of 426178971.
3, 47353219
What are the prime factors of 8094252738?
2, 3, 11, 13, 17, 19, 29207
List the prime factors of 1091982028.
2, 41, 6658427
What are the prime factors of 2440218467?
193, 12643619
List the prime factors of 2729136591.
3, 6547, 15439
List the prime factors of 518713153.
7, 74101879
List the prime factors of 2617108500.
2, 3, 5, 97, 17987
List the prime factors of 173908528.
2, 10869283
What are the prime factors of 46440620?
2, 5, 2322031
List the prime factors of 2694842873.
17, 727, 218047
List the prime factors of 52976130.
2, 3, 5, 23, 76777
What are the prime factors of 192529218?
2, 3, 7, 269, 17041
List the prime factors of 1576659156.
2, 3, 43, 479, 6379
What are the prime factors of 1240350629?
7, 211, 829, 1013
What are the prime factors of 3062821316?
2, 25357, 30197
What are the prime factors of 72485737?
1217, 59561
What are the prime factors of 285303825?
3, 5, 1268017
What are the prime factors of 79511842?
2, 83, 317, 1511
What are the prime factors of 45281?
45281
List the prime factors of 197966101.
7499, 26399
What are the prime factors of 311392796?
2, 11, 13, 59, 9227
What are the prime factors of 31522030?
2, 5, 41, 76883
What are the prime factors of 78433?
41, 1913
What are the prime factors of 288123743?
288123743
List the prime factors of 2934914698.
2, 1467457349
List the prime factors of 333232402.
2, 17, 109, 89917
List the prime factors of 2043865884.
2, 3, 2087, 81611
What are the prime factors of 246445510?
2, 5, 24644551
What are the prime factors of 182836515?
3, 5, 1181, 10321
List the prime factors of 157520486.
2, 31, 503, 5051
List the prime factors of 185758994.
2, 23, 4038239
What are the prime factors of 157733717?
137, 181, 6361
What are the prime factors of 1309139501?
19, 68902079
List the prime factors of 2550181670.
2, 5, 4049, 62983
List the prime factors of 2921660566.
2, 11, 463, 286831
What are the prime factors of 4356874596?
2, 3, 163, 2227441
List the prime factors of 146220650.
2, 5, 2924413
List the prime factors of 776378387.
776378387
List the prime factors of 35386157.
41, 349, 2473
List the prime factors of 1695562632.
2, 3, 872203
What are the prime factors of 229431827?
5839, 39293
List the prime factors of 68298584.
2, 8537323
List the prime factors of 2878770031.
887, 1523, 2131
What are the prime factors of 69233452?
2, 17, 401, 2539
What are the prime factors of 51621873?
3, 59, 291649
List the prime factors of 2338054662.
2, 3, 1873, 208049
List the prime factors of 865798021.
11, 5167, 15233
What are the prime factors of 521075716?
2, 7, 653, 28499
What are the prime factors of 1028428540?
2, 5, 51421427
What are the prime factors of 2287073867?
13, 73, 2409983
What are the prime factors of 81479423?
41, 1987303
What are the prime factors of 2741044406?
2, 601, 2280403
What are the prime factors of 14632334?
2, 7316167
List the prime factors of 3467876751.
3, 19, 20279981
What are the prime factors of 65570960?
2, 5, 7, 13, 9007
What are the prime factors of 3957190420?
2, 5, 19, 457, 22787
What are the prime factors of 1981705516?
2, 7, 70775197
List the prime factors of 201750794.
2, 7, 14410771
What are the prime factors of 6194069105?
5, 7, 176973403
What are the prime factors of 249519840?
2, 3, 5, 73, 7121
List the prime factors of 215134346.
2, 7, 15366739
List the prime factors of 235501605.
3, 5, 29, 113, 1597
What are the prime factors of 2350231806?
2, 3, 13, 487, 61871
List the prime factors of 2235961626.
2, 3, 431, 864641
List the prime factors of 10983455.
5, 7, 31, 53, 191
What are the prime factors of 38541668?
2, 11, 875947
List the prime factors of 110592842.
2, 55296421
What are the prime factors of 123076358?
2, 23, 823, 3251
What are the prime factors of 272806056?
2, 3, 420997
What are the prime factors of 71608160?
2, 5, 13, 173, 199
List the prime factors of 1448622882.
2, 3, 7, 1747, 6581
List the prime factors of 766010308.
2, 7, 19, 23, 62603
What are the prime